{"id":64,"date":"2017-06-07T06:32:24","date_gmt":"2017-06-07T06:32:24","guid":{"rendered":"http:\/\/wordpresstheme.net\/dump\/?page_id=64"},"modified":"2025-06-28T07:52:12","modified_gmt":"2025-06-28T07:52:12","slug":"practice-areas","status":"publish","type":"page","link":"https:\/\/advbruno.com\/index.php\/practice-areas\/","title":{"rendered":"Temas Criminais"},"content":{"rendered":"<div class=\"wpb-content-wrapper\"><p>[vc_row full_width=&#8221;stretch_row&#8221; css=&#8221;.vc_custom_1513078972248{margin-top: 0px !important;margin-bottom: 0px !important;padding-top: 60px !important;padding-bottom: 40px !important;background-color: #ffffff !important;}&#8221;][vc_column css=&#8221;.vc_custom_1496743058962{padding-top: 0px !important;padding-bottom: 0px !important;}&#8221;][vc_custom_heading text=&#8221;Practice Areas&#8221; font_container=&#8221;tag:h1|text_align:center&#8221; use_theme_fonts=&#8221;yes&#8221; css=&#8221;.vc_custom_1513079005827{margin-top: 0px !important;margin-bottom: 15px !important;}&#8221;][vc_single_image image=&#8221;1323&#8243; img_size=&#8221;full&#8221; alignment=&#8221;center&#8221; css=&#8221;.vc_custom_1513079023525{margin-top: 0px !important;margin-bottom: 0px !important;padding-top: 0px !important;padding-bottom: 0px !important;}&#8221;][vc_column_text css=&#8221;.vc_custom_1499329053270{margin-top: 0px !important;margin-bottom: 70px !important;}&#8221; el_class=&#8221;home-welcome-text&#8221;]<\/p>\n<p style=\"text-align: center;\">Lorem ipsum dolor sit amet, consectetur adipiscing elit, sed do eiusmod tempor incididunt ut labore et dolore magna aliqua. Ut enim ad minim veniam, quis nostrud exercitation ullamco laboris nisi ut aliquip ex ea commodo consequat.<\/p>\n<p>[\/vc_column_text][vc_row_inner css=&#8221;.vc_custom_1510747977487{margin-top: 0px !important;margin-bottom: 0px !important;}&#8221;][vc_column_inner width=&#8221;1\/4&#8243; css=&#8221;.vc_custom_1510747972103{margin-top: 0px !important;margin-bottom: 40px !important;}&#8221;][vc_widget_sidebar sidebar_id=&#8221;practice-areas-sidebar&#8221;][\/vc_column_inner][vc_column_inner width=&#8221;3\/4&#8243; css=&#8221;.vc_custom_1510747966761{margin-top: 0px !important;margin-bottom: 40px !important;}&#8221;]<!-- areas-of-practise -->\r\n                        <div class=\"row areas-of-practise main-concept-three \"><div class=\"col-lg-4 col-md-4 col-sm-6 col-sm-12\">\r\n                               <!-- areas-of-practise-item -->\r\n                               <div class=\"areas-of-practise-item matchHeight\">\r\n                               <div class=\"holder\">\r\n                               <div class=\"pic\"><img loading=\"lazy\" decoding=\"async\" width=\"1500\" height=\"1241\" src=\"https:\/\/advbruno.com\/wp-content\/uploads\/2017\/06\/Criminal-Law.jpg\" class=\"attachment-attorneypress-advisors-areas size-attorneypress-advisors-areas wp-post-image\" alt=\"Criminal Law\" \/><\/div>\r\n                                <div class=\"data\"><h4><a href=\"https:\/\/advbruno.com\/index.php\/practice-areas\/crimes-sexuais\/\">Crimes Sexuais<\/a><\/h4><p>Acusa\u00e7\u00f5es de crimes sexuais podem ser feitas com base apenas na palavra da v\u00edtima. Esse cen\u00e1rio exige aten\u00e7\u00e3o redobrada, t\u00e9cnica jur\u00eddica e uma defesa firme desde o in\u00edcio<\/p><a class=\"btn\"  href=\"https:\/\/advbruno.com\/index.php\/practice-areas\/crimes-sexuais\/\">Read More<i class=\"fa fa-angle-right\"><\/i><\/a><\/div>\r\n                                <\/div>\r\n                                <\/div>\r\n                                <!-- areas-of-practise-item -->\r\n                                <\/div><div class=\"col-lg-4 col-md-4 col-sm-6 col-sm-12\">\r\n                               <!-- areas-of-practise-item -->\r\n                               <div class=\"areas-of-practise-item matchHeight\">\r\n                               <div class=\"holder\">\r\n                               <div class=\"pic\"><img loading=\"lazy\" decoding=\"async\" width=\"600\" height=\"451\" src=\"https:\/\/advbruno.com\/wp-content\/uploads\/2025\/06\/a01e29275023ca22008900f257854ee5.jpg\" class=\"attachment-attorneypress-advisors-areas size-attorneypress-advisors-areas wp-post-image\" alt=\"\" srcset=\"https:\/\/advbruno.com\/wp-content\/uploads\/2025\/06\/a01e29275023ca22008900f257854ee5.jpg 600w, https:\/\/advbruno.com\/wp-content\/uploads\/2025\/06\/a01e29275023ca22008900f257854ee5-300x226.jpg 300w\" sizes=\"auto, (max-width: 600px) 100vw, 600px\" \/><\/div>\r\n                                <div class=\"data\"><h4><a href=\"https:\/\/advbruno.com\/index.php\/practice-areas\/crimes-contra-a-vida\/\">Crimes Contra a Vida<\/a><\/h4><p>Atua\u00e7\u00e3o em casos de homic\u00eddio (doloso e culposo), infantic\u00eddio e aborto\r\n<\/p><a class=\"btn\"  href=\"https:\/\/advbruno.com\/index.php\/practice-areas\/crimes-contra-a-vida\/\">Read More<i class=\"fa fa-angle-right\"><\/i><\/a><\/div>\r\n                                <\/div>\r\n                                <\/div>\r\n                                <!-- areas-of-practise-item -->\r\n                                <\/div><div class=\"col-lg-4 col-md-4 col-sm-6 col-sm-12\">\r\n                               <!-- areas-of-practise-item -->\r\n                               <div class=\"areas-of-practise-item matchHeight\">\r\n                               <div class=\"holder\">\r\n                               <div class=\"pic\"><img loading=\"lazy\" decoding=\"async\" width=\"800\" height=\"600\" src=\"https:\/\/advbruno.com\/wp-content\/uploads\/2025\/06\/presuncao-de-autoria-1024x535-edit.jpg\" class=\"attachment-attorneypress-advisors-areas size-attorneypress-advisors-areas wp-post-image\" alt=\"\" srcset=\"https:\/\/advbruno.com\/wp-content\/uploads\/2025\/06\/presuncao-de-autoria-1024x535-edit.jpg 800w, https:\/\/advbruno.com\/wp-content\/uploads\/2025\/06\/presuncao-de-autoria-1024x535-edit-300x225.jpg 300w, https:\/\/advbruno.com\/wp-content\/uploads\/2025\/06\/presuncao-de-autoria-1024x535-edit-768x576.jpg 768w\" sizes=\"auto, (max-width: 800px) 100vw, 800px\" \/><\/div>\r\n                                <div class=\"data\"><h4><a href=\"https:\/\/advbruno.com\/index.php\/practice-areas\/crimes-contra-o-patrimonio\/\">Crimes Contra o Patrim\u00f4nio<\/a><\/h4><p>Acusa\u00e7\u00f5es de crimes sexuais podem ser feitas com base apenas na palavra da v\u00edtima. Esse cen\u00e1rio exige aten\u00e7\u00e3o redobrada, t\u00e9cnica jur\u00eddica e uma defesa firme desde o in\u00edcio<\/p><a class=\"btn\"  href=\"https:\/\/advbruno.com\/index.php\/practice-areas\/crimes-contra-o-patrimonio\/\">Read More<i class=\"fa fa-angle-right\"><\/i><\/a><\/div>\r\n                                <\/div>\r\n                                <\/div>\r\n                                <!-- areas-of-practise-item -->\r\n                                <\/div><div class=\"col-lg-4 col-md-4 col-sm-6 col-sm-12\">\r\n                               <!-- areas-of-practise-item -->\r\n                               <div class=\"areas-of-practise-item matchHeight\">\r\n                               <div class=\"holder\">\r\n                               <div class=\"pic\"><\/div>\r\n                                <div class=\"data\"><h4><a href=\"https:\/\/advbruno.com\/index.php\/practice-areas\/crimes-de-trafico-de-drogas\/\">Crimes de Tr\u00e1fico de Drogas<\/a><\/h4><p>Atua\u00e7\u00e3o em casos de homic\u00eddio (doloso e culposo), infantic\u00eddio e aborto\r\n<\/p><a class=\"btn\"  href=\"https:\/\/advbruno.com\/index.php\/practice-areas\/crimes-de-trafico-de-drogas\/\">Read More<i class=\"fa fa-angle-right\"><\/i><\/a><\/div>\r\n                                <\/div>\r\n                                <\/div>\r\n                                <!-- areas-of-practise-item -->\r\n                                <\/div><\/div>\r\n                        <!-- areas-of-practise -->[\/vc_column_inner][\/vc_row_inner][\/vc_column][\/vc_row]<\/p>\n<\/div>","protected":false},"excerpt":{"rendered":"<p>[vc_row full_width=&#8221;stretch_row&#8221; css=&#8221;.vc_custom_1513078972248{margin-top: 0px !important;margin-bottom: 0px !important;padding-top: 60px !important;padding-bottom: 40px !important;background-color: #ffffff !important;}&#8221;][vc_column css=&#8221;.vc_custom_1496743058962{padding-top: 0px !important;padding-bottom: 0px !important;}&#8221;][vc_custom_heading text=&#8221;Practice Areas&#8221; font_container=&#8221;tag:h1|text_align:center&#8221; use_theme_fonts=&#8221;yes&#8221; css=&#8221;.vc_custom_1513079005827{margin-top: 0px !important;margin-bottom: 15px !important;}&#8221;][vc_single_image image=&#8221;1323&#8243; img_size=&#8221;full&#8221; alignment=&#8221;center&#8221; css=&#8221;.vc_custom_1513079023525{margin-top: 0px !important;margin-bottom: 0px !important;padding-top: 0px !important;padding-bottom: 0px !important;}&#8221;][vc_column_text css=&#8221;.vc_custom_1499329053270{margin-top: 0px !important;margin-bottom: 70px !important;}&#8221; el_class=&#8221;home-welcome-text&#8221;] Lorem ipsum dolor sit amet, consectetur adipiscing elit, sed do [&hellip;]<\/p>\n","protected":false},"author":1,"featured_media":1558,"parent":0,"menu_order":0,"comment_status":"closed","ping_status":"closed","template":"","meta":{"footnotes":""},"class_list":["post-64","page","type-page","status-publish","has-post-thumbnail","hentry"],"_links":{"self":[{"href":"https:\/\/advbruno.com\/index.php\/wp-json\/wp\/v2\/pages\/64","targetHints":{"allow":["GET"]}}],"collection":[{"href":"https:\/\/advbruno.com\/index.php\/wp-json\/wp\/v2\/pages"}],"about":[{"href":"https:\/\/advbruno.com\/index.php\/wp-json\/wp\/v2\/types\/page"}],"author":[{"embeddable":true,"href":"https:\/\/advbruno.com\/index.php\/wp-json\/wp\/v2\/users\/1"}],"replies":[{"embeddable":true,"href":"https:\/\/advbruno.com\/index.php\/wp-json\/wp\/v2\/comments?post=64"}],"version-history":[{"count":1,"href":"https:\/\/advbruno.com\/index.php\/wp-json\/wp\/v2\/pages\/64\/revisions"}],"predecessor-version":[{"id":1690,"href":"https:\/\/advbruno.com\/index.php\/wp-json\/wp\/v2\/pages\/64\/revisions\/1690"}],"wp:featuredmedia":[{"embeddable":true,"href":"https:\/\/advbruno.com\/index.php\/wp-json\/wp\/v2\/media\/1558"}],"wp:attachment":[{"href":"https:\/\/advbruno.com\/index.php\/wp-json\/wp\/v2\/media?parent=64"}],"curies":[{"name":"wp","href":"https:\/\/api.w.org\/{rel}","templated":true}]}}